{"version":"1.0","provider_name":"Camping l&#039;Arbre d&#039;Or","provider_url":"https:\/\/www.arbre-dor.com\/es\/","author_name":"Guillaume Gruat","author_url":"https:\/\/www.arbre-dor.com\/es\/author\/guillaume-gruat\/","title":"La Reserva Natural de la Marisma de Orx - Camping l'Arbre d'Or","type":"rich","width":600,"height":338,"html":"<blockquote class=\"wp-embedded-content\" data-secret=\"qeRGrVXgVG\"><a href=\"https:\/\/www.arbre-dor.com\/es\/turismo-landas\/reserva-natural-marisma-de-orx\/\">La Reserva Natural de la Marisma de Orx<\/a><\/blockquote><iframe sandbox=\"allow-scripts\" security=\"restricted\" src=\"https:\/\/www.arbre-dor.com\/es\/turismo-landas\/reserva-natural-marisma-de-orx\/embed\/#?secret=qeRGrVXgVG\" width=\"600\" height=\"338\" title=\"\u00abLa Reserva Natural de la Marisma de Orx\u00bb \u2014 Camping l&#039;Arbre d&#039;Or\" data-secret=\"qeRGrVXgVG\" frameborder=\"0\" marginwidth=\"0\" marginheight=\"0\" scrolling=\"no\" class=\"wp-embedded-content\"><\/iframe><script>\n\/*! This file is auto-generated *\/\n!function(d,l){\"use strict\";l.querySelector&&d.addEventListener&&\"undefined\"!=typeof URL&&(d.wp=d.wp||{},d.wp.receiveEmbedMessage||(d.wp.receiveEmbedMessage=function(e){var t=e.data;if((t||t.secret||t.message||t.value)&&!\/[^a-zA-Z0-9]\/.test(t.secret)){for(var s,r,n,a=l.querySelectorAll('iframe[data-secret=\"'+t.secret+'\"]'),o=l.querySelectorAll('blockquote[data-secret=\"'+t.secret+'\"]'),c=new RegExp(\"^https?:$\",\"i\"),i=0;i<o.length;i++)o[i].style.display=\"none\";for(i=0;i<a.length;i++)s=a[i],e.source===s.contentWindow&&(s.removeAttribute(\"style\"),\"height\"===t.message?(1e3<(r=parseInt(t.value,10))?r=1e3:~~r<200&&(r=200),s.height=r):\"link\"===t.message&&(r=new URL(s.getAttribute(\"src\")),n=new URL(t.value),c.test(n.protocol))&&n.host===r.host&&l.activeElement===s&&(d.top.location.href=t.value))}},d.addEventListener(\"message\",d.wp.receiveEmbedMessage,!1),l.addEventListener(\"DOMContentLoaded\",function(){for(var e,t,s=l.querySelectorAll(\"iframe.wp-embedded-content\"),r=0;r<s.length;r++)(t=(e=s[r]).getAttribute(\"data-secret\"))||(t=Math.random().toString(36).substring(2,12),e.src+=\"#?secret=\"+t,e.setAttribute(\"data-secret\",t)),e.contentWindow.postMessage({message:\"ready\",secret:t},\"*\")},!1)))}(window,document);\n\/\/# sourceURL=https:\/\/www.arbre-dor.com\/wp-includes\/js\/wp-embed.min.js\n<\/script>\n","thumbnail_url":"https:\/\/www.arbre-dor.com\/wp-content\/uploads\/2024\/03\/reserve-naturelle-marais-orx.jpg","thumbnail_width":1807,"thumbnail_height":750,"description":"La historia de la Marisma de Orx La historia de la Marisma de Orx est\u00e1 marcada por una transformaci\u00f3n notable, que comenz\u00f3 en el siglo XIX bajo el reinado de Napole\u00f3n III. En un principio, esta vasta extensi\u00f3n era un p\u00f3lder, una superficie de tierra ganada al agua, destinada a la agricultura gracias a un [&hellip;]"}

La historia de la Marisma de Orx La historia de la Marisma de Orx está marcada por una transformación notable, que comenzó en el siglo XIX bajo el reinado de Napoleón III. En un principio, esta vasta extensión era un pólder, una superficie de tierra ganada al agua, destinada a la agricultura gracias a un [&hellip;]
